{"id":91,"date":"2023-08-18T17:41:39","date_gmt":"2023-08-18T15:41:39","guid":{"rendered":"https:\/\/alterzinc.fr\/?page_id=91"},"modified":"2025-09-21T15:19:34","modified_gmt":"2025-09-21T13:19:34","slug":"adhesion-2024","status":"publish","type":"page","link":"https:\/\/alterzinc.fr\/index.php\/adhesion-2024\/","title":{"rendered":"Adh\u00e9sion 2025-2026"},"content":{"rendered":"\n<p><\/p>\n\n\n\n<p>Pour b\u00e9n\u00e9ficier de l&rsquo;accueil et des services de l&rsquo;association (de septembre 2025 \u00e0 septembre 2026), vous devez \u00eatre membre de l&rsquo;association :<\/p>\n\n\n\n<p>Vous pouvez <a href=\"https:\/\/alterzinc.fr\/wp-content\/uploads\/2024\/09\/Bulletin-adhesion-2024-2025-webformulaire.pdf\" data-type=\"attachment\" data-id=\"519\">t\u00e9l\u00e9charger et remplir le bulletin pdf<\/a> et nous l&rsquo;adresser par <a href=\"mailto:contact@alterzinc.fr\" data-type=\"mailto\" data-id=\"mailto:contact@alterzinc.fr\">mail <\/a>ou lors de votre prochaine visite.<br>Si vous souhaitez payer par virement, nous vous enverrons en RIB par mail.<\/p>\n\n\n\n<div data-wp-interactive=\"core\/file\" class=\"wp-block-file\"><object data-wp-bind--hidden=\"!state.hasPdfPreview\" hidden class=\"wp-block-file__embed\" data=\"https:\/\/alterzinc.fr\/wp-content\/uploads\/2025\/09\/Bulletin-adhesion-2025-2026.pdf\" type=\"application\/pdf\" style=\"width:100%;height:600px\" aria-label=\"Contenu embarqu\u00e9 Bulletin adhesion 2025-2026.\"><\/object><a id=\"wp-block-file--media-b0afb191-780d-4fdd-8e59-df5ad884c9e9\" href=\"https:\/\/alterzinc.fr\/wp-content\/uploads\/2025\/09\/Bulletin-adhesion-2025-2026.pdf\" target=\"_blank\" rel=\"noreferrer noopener\">Bulletin adhesion 2025-2026<\/a><a href=\"https:\/\/alterzinc.fr\/wp-content\/uploads\/2025\/09\/Bulletin-adhesion-2025-2026.pdf\" class=\"wp-block-file__button wp-element-button\" download aria-describedby=\"wp-block-file--media-b0afb191-780d-4fdd-8e59-df5ad884c9e9\">T\u00e9l\u00e9charger<\/a><\/div>\n\n\n\n<p><\/p>\n","protected":false},"excerpt":{"rendered":"<p>Pour b\u00e9n\u00e9ficier de l&rsquo;accueil et des services de l&rsquo;association (de septembre 2025 \u00e0 septembre 2026), vous devez \u00eatre membre de l&rsquo;association : Vous pouvez t\u00e9l\u00e9charger et remplir le bulletin pdf et nous l&rsquo;adresser par mail ou lors de votre prochaine visite.Si vous souhaitez payer par virement, nous vous enverrons en &hellip; <\/p>\n","protected":false},"author":1,"featured_media":0,"parent":0,"menu_order":0,"comment_status":"closed","ping_status":"closed","template":"","meta":{"_price":"","_stock":"","_tribe_ticket_header":"","_tribe_default_ticket_provider":"","_tribe_ticket_capacity":"0","_ticket_start_date":"","_ticket_end_date":"","_tribe_ticket_show_description":"","_tribe_ticket_show_not_going":false,"_tribe_ticket_use_global_stock":"","_tribe_ticket_global_stock_level":"","_global_stock_mode":"","_global_stock_cap":"","_tribe_rsvp_for_event":"","_tribe_ticket_going_count":"","_tribe_ticket_not_going_count":"","_tribe_tickets_list":"[]","_tribe_ticket_has_attendee_info_fields":false,"footnotes":"","_tec_slr_enabled":"","_tec_slr_layout":""},"class_list":["post-91","page","type-page","status-publish","hentry"],"ticketed":false,"_links":{"self":[{"href":"https:\/\/alterzinc.fr\/index.php\/wp-json\/wp\/v2\/pages\/91","targetHints":{"allow":["GET"]}}],"collection":[{"href":"https:\/\/alterzinc.fr\/index.php\/wp-json\/wp\/v2\/pages"}],"about":[{"href":"https:\/\/alterzinc.fr\/index.php\/wp-json\/wp\/v2\/types\/page"}],"author":[{"embeddable":true,"href":"https:\/\/alterzinc.fr\/index.php\/wp-json\/wp\/v2\/users\/1"}],"replies":[{"embeddable":true,"href":"https:\/\/alterzinc.fr\/index.php\/wp-json\/wp\/v2\/comments?post=91"}],"version-history":[{"count":13,"href":"https:\/\/alterzinc.fr\/index.php\/wp-json\/wp\/v2\/pages\/91\/revisions"}],"predecessor-version":[{"id":720,"href":"https:\/\/alterzinc.fr\/index.php\/wp-json\/wp\/v2\/pages\/91\/revisions\/720"}],"wp:attachment":[{"href":"https:\/\/alterzinc.fr\/index.php\/wp-json\/wp\/v2\/media?parent=91"}],"curies":[{"name":"wp","href":"https:\/\/api.w.org\/{rel}","templated":true}]}}